rime?
False
Is 91636109 composite?
False
Is 4490407 prime?
False
Is 62668559 a prime number?
False
Is 75057707 a composite number?
True
Is 123454934 composite?
True
Is 34288887 composite?
True
Is 398532763 a composite number?
True
Is 2824681 composite?
False
Is 65162765 composite?
True
Is 2140217 a prime number?
False
Is 93429599 a composite number?
False
Is 3582611 a composite number?
False
Is 14265631 composite?
False
Is 677503 a prime number?
False
Is 21247 a prime number?
True
Is 2753669 composite?
True
Is 28785283 a composite number?
False
Is 39814171 prime?
True
Is 32841071 prime?
True
Is 11167985 prime?
False
Is 10763821 composite?
False
Is 64116397 a composite number?
True
Is 42148363 a composite number?
False
Is 2135051 a composite number?
False
Is 53527687 prime?
True
Is 183004681 a composite number?
False
Is 2383163 prime?
True
Is 98918681 prime?
False
Is 99133869 a prime number?
False
Is 12517315 a prime number?
False
Is 14473847 a composite number?
True
Is 149093629 prime?
False
Is 3175985 composite?
True
Is 895553 a prime number?
True
Is 101756653 a prime number?
True
Is 162305509 a prime number?
False
Is 20050493 composite?
False
Is 754287 prime?
False
Is 74931587 a prime number?
True
Is 1816327 prime?
False
Is 30897733 a prime number?
True
Is 109495115 a composite number?
True
Is 1635693 composite?
True
Is 418955941 a composite number?
False
Is 7909661 composite?
True
Is 124982218 composite?
True
Is 28079147 a prime number?
True
Is 2150969 prime?
True
Is 30171767 a prime number?
False
Is 177164581 composite?
True
Is 4239671 a composite number?
True
Is 140363123 a prime number?
False
Is 18428821 prime?
False
Is 131993 prime?
False
Is 2932465 a composite number?
True
Is 21107937 composite?
True
Is 16241119 composite?
False
Is 447166315 a composite number?
True
Is 290310047 prime?
False
Is 132932041 composite?
True
Is 287132281 composite?
False
Is 278190239 a composite number?
True
Is 1110583 composite?
False
Is 21166213 prime?
False
Is 5902063 composite?
False
Is 3367607 composite?
True
Is 16717211 prime?
False
Is 5044051 a composite number?
True
Is 4868509 a prime number?
True
Is 999683 composite?
False
Is 3876269 a prime number?
True
Is 111454033 a composite number?
True
Is 55622093 prime?
True
Is 535193 composite?
False
Is 31008709 prime?
True
Is 5748803 prime?
True
Is 1230001 prime?
False
Is 10049293 prime?
False
Is 19870645 a composite number?
True
Is 40967081 a prime number?
True
Is 5401079 a prime number?
True
Is 90209311 prime?
True
Is 3029777 composite?
True
Is 7997303 composite?
False
Is 153884309 composite?
False
Is 49670779 prime?
True
Is 31089563 a prime number?
True
Is 2188909 prime?
True
Is 67237517 prime?
True
Is 18825377 prime?
True
Is 5893099 prime?
False
Is 104133013 prime?
True
Is 1997693 a prime number?
True
Is 1656349 prime?
False
Is 118083259 a prime number?
False
Is 10125469 a prime number?
True
Is 179314871 a composite number?
False
Is 2002361 a prime number?
True
Is 15179659 a prime number?
False
Is 561543 a prime number?
False
Is 4013329 composite?
False
Is 1617041 a prime number?
False
Is 402807913 composite?
False
Is 1905079 composite?
True
Is 4120773 composite?
True
Is 2882531 a prime number?
False
Is 564447641 composite?
False
Is 64582061 a prime number?
True
Is 5060957 a prime number?
False
Is 62553653 a composite number?
False
Is 28396967 composite?
False
Is 227561 a prime number?
True
Is 122677 prime?
False
Is 1383433 a composite number?
False
Is 17828345 a prime number?
False
Is 10713679 a prime number?
False
Is 226336717 a composite number?
False
Is 245752937 composite?
False
Is 699169 composite?
False
Is 8787409 composite?
False
Is 12508031 a composite number?
False
Is 3103663 composite?
True
Is 251857603 prime?
False
Is 14292797 a prime number?
False
Is 525619 a prime number?
False
Is 19374997 a prime number?
False
Is 338252093 a composite number?
False
Is 2437823 a prime number?
False
Is 58498153 composite?
True
Is 25702127 a composite number?
True
Is 21977711 a composite number?
True
Is 20314886 prime?
False
Is 5138909 a prime number?
False
Is 4258801 a composite number?
False
Is 11359303 a composite number?
False
Is 1501385 a composite number?
True
Is 43999513 a prime number?
True
Is 2505673 a composite number?
False
Is 21541931 a composite number?
True
Is 478672679 a composite number?
False
Is 576436769 a prime number?
True
Is 246145189 prime?
True
Is 11434741 prime?
True
Is 6842047 prime?
True
Is 2292181 prime?
True
Is 5012603 a composite number?
True
Is 484747919 a composite number?
False
Is 10991707 a prime number?
False
Is 118006439 a composite number?
False
Is 1033561 a prime number?
False
Is 322501 a composite number?
False
Is 24015283 a prime number?
False
Is 21241841 composite?
True
Is 1846241 prime?
True
Is 3643721 prime?
True
Is 74968577 a prime number?
True
Is 607209529 a prime number?
True
Is 571248417 a composite number?
True
Is 4939853 a prime number?
True
Is 529901 a prime number?
False
Is 39285019 prime?
True
Is 8508881 a prime number?
True
Is 58141639 prime?
False
Is 20502073 a prime number?
False
Is 74587 prime?
True
Is 7674367 a prime number?
True
Is 11277229 a prime number?
True
Is 2653187 a composite number?
False
Is 707177 a prime number?
True
Is 1591567 prime?
True
Is 28612397 a composite number?
True
Is 89277887 composite?
False
Is 753527 composite?
False
Is 4588763 a composite number?
True
Is 327597 prime?
False
Is 1203019 a composite number?
False
Is 3052499 composite?
False
Is 32415715 a composite number?
True
Is 121685183 a composite number?
False
Is 534799 composite?
False
Is 1338559 a prime number?
True
Is 142382971 a prime number?
True
Is 16451047 a composite number?
False
Is 6100477 prime?
False
Is 682061 composite?
True
Is 320555707 a composite number?
True
Is 2582743 prime?
False
Is 4740221 a composite number?
True
Is 255859543 prime?
True
Is 7199063 a composite number?
False
Is 14804449 prime?
False
Is 3979993 a prime number?
False
Is 545378657 prime?
False
Is 10061257 a composite number?
False
Is 5717021 a prime number?
True
Is 28493007 composite?
True
Is 44888083 composite?
False
Is 194890693 prime?
True
Is 109403057 a composite number?
False
Is 154085 composite?
True
Is 319277729 composite?
True
Is 2570933 prime?
True
Is 29077283 composite?
True
Is 55727527 a prime number?
False
Is 7396951 a composite number?
False
Is 5283659 prime?
False
Is 114837799 prime?
False
Is 175909 a prime number?
True
Is 3842087 composite?
True
Is 1716335 prime?
False
Is 24052231 a prime number?
False
Is 1091983 composite?
False
Is 113352229 composite?
False
Is 33525137 a prime number?
True
Is 20319581 prime?
True
Is 66173647 a composite number?
True
Is 54809663 a composite number?
False
Is 28017069 a composite number?
True
Is 1022103863 a prime number?
False
Is 16843921 a composite number?
True
Is 3723521 composite?
False
Is 13648681 a composite number?
False
Is 10700759 composite?
False
Is 165714981 a composite number?
True
Is 31782053 a composite number?
True
Is 16923233 a composite number?
False
Is 68539753 prime?
False
Is 4177857 a prime number?
False
Is 46260803 a prime number?
True
Is 125417039 a composite number?
True
Is 318899881 composite?
False
Is 43548929 composite?
True
Is 162192379 a composite number?
True
Is 9073591 prime?
True
Is 27134383 prime?
True
Is 28223731 a composite number?
False
Is 566131547 a prime number?
True
Is 30268543 prime?
False
Is 248519567 a composite number?
True
Is 258517865 a prime number?
False
Is 13625135 composite?
True
Is 269720651 a prime number?
False
Is 5541769 prime?
False
Is 82227371 a composite number?
False
Is 21554861 prime?
False
Is 1878353 prime?
True
Is 22423201 a prime number?
False
Is 12121061 a prime number?
True
Is 52809349 composite?
True
Is 295573867 a prime number?
True
Is 8001949 a prime number?
True
Is 4315981 prime?
True
Is 78354947 prime?
False
Is 1376773 composite?
False
Is 311704273 prime?
True
Is 9641591 a prime number?
True
Is 1682171 a composite number?
True
Is 79868597 composite?
False
Is 2062187 a composite number?
False
Is 64858385 composite?
True
Is 1182019 prime?
True
Is 16624741 composite?
True
Is 8605711 a prime number?
False
Is 1144915 a composite number?
True
Is 173891867 a composite number?
T